lculate the greatest common factor of 18 and 450.
18
Calculate the highest common divisor of 60 and 3.
3
What is the greatest common divisor of 41 and 23288?
41
What is the greatest common divisor of 10 and 26170?
10
Calculate the highest common factor of 4 and 5.
1
What is the highest common divisor of 32 and 224?
32
Calculate the greatest common divisor of 78 and 1794.
78
Calculate the greatest common divisor of 345 and 65.
5
Calculate the greatest common divisor of 177 and 59.
59
Calculate the greatest common factor of 3 and 852.
3
Calculate the greatest common divisor of 81 and 5832.
81
What is the highest common divisor of 140 and 48020?
140
What is the greatest common divisor of 91 and 1421?
7
Calculate the greatest common factor of 1086 and 2.
2
Calculate the greatest common divisor of 1674 and 2046.
186
Calculate the highest common divisor of 90 and 225.
45
Calculate the greatest common divisor of 1260 and 870.
30
Calculate the greatest common divisor of 228 and 84.
12
What is the highest common factor of 8428 and 196?
196
What is the highest common divisor of 2 and 5372?
2
Calculate the greatest common factor of 325 and 52.
13
What is the greatest common divisor of 3160 and 15?
5
Calculate the highest common factor of 40 and 4820.
20
What is the highest common divisor of 168 and 189?
21
Calculate the greatest common factor of 7379 and 157.
157
Calculate the highest common divisor of 28 and 994.
14
What is the highest common divisor of 924 and 1122?
66
Calculate the greatest common divisor of 782 and 68.
34
Calculate the highest common factor of 315 and 15.
15
What is the greatest common factor of 241 and 30848?
241
What is the highest common divisor of 1096 and 8?
8
What is the highest common factor of 10530 and 20?
10
What is the greatest common divisor of 160 and 560?
80
What is the highest common divisor of 2240 and 210?
70
What is the greatest common factor of 1170 and 7137?
117
What is the highest common divisor of 536 and 67?
67
What is the greatest common divisor of 235 and 188?
47
What is the greatest common divisor of 324 and 12?
12
Calculate the highest common factor of 213 and 2698.
71
Calculate the highest common divisor of 28 and 91.
7
What is the greatest common factor of 7611 and 177?
177
Calculate the highest common divisor of 65 and 1261.
13
Calculate the greatest common factor of 48 and 1840.
16
What is the greatest common divisor of 246 and 18?
6
What is the highest common divisor of 1653 and 174?
87
What is the highest common factor of 323 and 228?
19
What is the greatest common factor of 63 and 27?
9
Calculate the greatest common factor of 160 and 65.
5
What is the highest common divisor of 657 and 36?
9
What is the greatest common factor of 960 and 45?
15
Calculate the highest common divisor of 220 and 40.
20
What is the greatest common factor of 16 and 368?
16
Calculate the greatest common divisor of 13 and 1625.
13
Calculate the greatest common divisor of 2925 and 52.
13
Calculate the highest common divisor of 32 and 1.
1
What is the highest common factor of 545 and 4033?
109
What is the highest common factor of 1128 and 846?
282
Calculate the highest common factor of 299 and 286.
13
What is the highest common divisor of 7345 and 65?
65
Calculate the highest common divisor of 13180 and 20.
20
Calculate the highest common factor of 192 and 64.
64
What is the greatest common divisor of 4947 and 272?
17
Calculate the greatest common divisor of 20 and 1570.
10
Calculate the highest common divisor of 6 and 1458.
6
Calculate the greatest common factor of 30294 and 54.
54
What is the highest common factor of 68 and 442?
34
Calculate the highest common factor of 5 and 75.
5
What is the highest common divisor of 2632 and 616?
56
Calculate the highest common divisor of 35 and 875.
35
Calculate the highest common divisor of 475 and 95.
95
Calculate the greatest common factor of 92 and 4.
4
Calculate the highest common divisor of 126 and 609.
21
Calculate the greatest common divisor of 109893 and 21.
21
What is the highest common divisor of 860 and 344?
172
Calculate the highest common factor of 240 and 6510.
30
What is the greatest common divisor of 14 and 22?
2
What is the greatest common factor of 48 and 36?
12
Calculate the highest common divisor of 284 and 2.
2
Calculate the greatest common divisor of 26 and 61672.
26
What is the highest common divisor of 33 and 87?
3
Calculate the greatest common factor of 7 and 371.
7
Calculate the highest common divisor of 714 and 42.
42
What is the greatest common divisor of 365 and 125?
5
What is the greatest common divisor of 3456 and 54?
54
What is the greatest common divisor of 10754 and 114?
38
What is the greatest common divisor of 480 and 576?
96
What is the highest common factor of 5989 and 452?
113
What is the highest common factor of 6322 and 58?
58
What is the highest common divisor of 14 and 74?
2
What is the highest common divisor of 720 and 320?
80
What is the greatest common factor of 213 and 355?
71
Calculate the greatest common divisor of 4 and 3.
1
What is the greatest common divisor of 1888 and 8?
8
What is the greatest common divisor of 679 and 388?
97
Calculate the highest common factor of 435 and 5.
5
What is the highest common factor of 18 and 45216?
18
What is the greatest common factor of 1161 and 903?
129
What is the greatest common factor of 182 and 231?
7
What is the highest common factor of 15 and 690?
15
What is the highest common factor of 7 and 56?
7
What is the greatest common divisor of 33 and 9?
3
What is the highest common factor of 25 and 1075?
25
What is the greatest common factor of 1091 and 1?
1
Calculate the highest common factor of 497 and 355.
71
What is the highest common factor of 12 and 14604?
12
Calculate the highest common factor of 21 and 147.
21
What is the highest common divisor of 22 and 4048?
22
Calculate the highest common divisor of 140 and 10500.
140
Calculate the highest common factor of 33 and 1665.
3
Calculate the greatest common factor of 272 and 16.
16
Calculate the highest common factor of 209 and 95.
19
Calculate the highest common divisor of 1700 and 68.
68
Calculate the highest common divisor of 456 and 57.
57
What is the greatest common divisor of 690 and 160?
10
Calculate the greatest common divisor of 43090 and 310.
310
Calculate the highest common divisor of 1564 and 340.
68
What is the highest common factor of 114 and 76?
38
What is the highest common factor of 81 and 2511?
81
What is the greatest common divisor of 5 and 1?
1
What is the highest common factor of 1472 and 2116?
92
Calculate the greatest common divisor of 518 and 14.
14
Calculate the greatest common divisor of 703 and 399.
19
What is the greatest common factor of 3820 and 40?
20
Calculate the greatest common divisor of 560 and 385.
35
What is the greatest common factor of 943 and 46?
23
Calculate the greatest common factor of 13707 and 18.
9
Calculate the highest common divisor of 437 and 69.
23
Calculate the greatest common factor of 28 and 42.
14
What is the greatest common factor of 48 and 600?
24
Calculate the greatest common divisor of 69 and 138.
69
What is the highest common factor of 218 and 327?
109
Calculate the highest common divisor of 760 and 114.
38
What is the highest common divisor of 290 and 5974?
58
Calculate the highest common factor of 5 and 55.
5
Calculate the highest common divisor of 13 and 1469.
13
Calculate the greatest common divisor of 1848 and 1452.
132
Calculate the greatest common divisor of 6 and 46.
2
Calculate the greatest common divisor of 328 and 11972.
164
What is the highest common divisor of 468 and 1820?
52
What is the highest common factor of 2914 and 62?
62
What is the greatest common factor of 16 and 24?
8
Calculate the greatest common divisor of 474 and 33.
3
Calculate the highest common divisor of 3608 and 88.
88
Calculate the highest common factor of 61 and 366.
61
What is the highest common factor of 25044 and 24?
12
What is the greatest common factor of 172 and 4?
4
What is the highest common divisor of 4141 and 41?
41
What is the highest common factor of 1666 and 1176?
98
What is the highest common divisor of 31 and 465?
31
What is the highest common factor of 427 and 793?
61
Calculate the highe